81*m**2 + 13*m + 7. What are the prime factors of h(-2)?
5, 13, 17
Suppose 0 = 3*c - 2*w - 379, 3*w - 160 = -4*c + 368. Suppose f + 45 = c. Let l = f + -59. List the prime factors of l.
5
Let s(u) = -2*u**3 + u**2. Let x be s(-1). Suppose 3*f + x*l = -12, 4*l = -0*l - 16. Suppose f = -0*q + 4*q - 164. List the prime factors of q.
41
Suppose 4*j = 3*g - 1745, -140 - 444 = -g - j. What are the prime factors of g?
11, 53
Let o(z) = -1166*z. Let t be o(-8). What are the prime factors of (4/10)/1 + t/55?
2, 5, 17
Suppose 10*y = -4*m + 5*y + 330, -3*y = -6. Let g = 4 + -60. Let z = m + g. List the prime factors of z.
2, 3
Let p be 4/30 - 803/(-165). Suppose -4*l + 378 = d + 4*d, -p*d + 399 = -3*l. List the prime factors of d.
2, 3, 13
Suppose 0 = -7*b + 5226 - 690. List the prime factors of b.
2, 3
Let r(v) = -v**2 + 9*v - 2. Let f be r(8). Let q be -3*(-1 + (-76)/f). Let d = -6 + q. List the prime factors of d.
5, 7
Let p be (9/4)/(42/560). List the prime factors of ((-4)/6)/((-5)/p).
2
Let i(k) = -41*k - 112. List the prime factors of i(-63).
7, 353
Suppose v - 3*m = 42, 5*m = 3*v - 57 - 61. Let f = -31 + v. What are the prime factors of f?
5
Suppose 4*k = 4*d + 16, -5*k = -4*d + 2*d - 17. Suppose 0 = k*j - 15. Suppose -10*r + 105 = -j*r. List the prime factors of r.
3, 7
Let c = -14 + 16. Suppose 4 = -c*q - 4. List the prime factors of 5*3 - (q + 7).
2, 3
Let p(m) = -3*m**3 - 11*m**2 + 23*m + 3. Let d(b) = -2*b**3 - 7*b**2 + 15*b + 2. Let y(x) = 7*d(x) - 5*p(x). What are the prime factors of y(-7)?
2, 5
Let i(v) = 262*v**2 + 19*v - 31. What are the prime factors of i(2)?
5, 211
Let j = -122 + 127. Suppose j*l = 109 + 201. What are the prime factors of l?
2, 31
List the prime factors of (-10)/(-15) - 9284/(-6).
2, 3, 43
Suppose 7 = 2*y - 3*q + 6*q, 4*y - q = 7. Suppose 0*u - 4*u = -16, -y*s + 3*u = -240. What are the prime factors of s?
2, 3, 7
Suppose -4*h - 2*i = -0*h - 1390, -h + 2*i = -360. What are the prime factors of h?
2, 5, 7
Let i = -3 - -257. What are the prime factors of i?
2, 127
Let i(s) = 41*s + 18. Let q = -80 + 85. What are the prime factors of i(q)?
223
List the prime factors of (659 - -6)/(1 + 0/2).
5, 7, 19
Let d(i) = 59*i**3 + i**2 + i + 4. What are the prime factors of d(2)?
2, 241
Suppose 0 = 3*w - 6*w. Suppose w = 4*r + v - 201, 0 = -3*r - 0*v - 2*v + 157. What are the prime factors of r?
7
Let u(b) = 2*b + 12. Let h = -13 + 9. Let j be u(h). Suppose -5*s + j*s = -23. What are the prime factors of s?
23
Suppose -235*r + 241*r = 4710. What are the prime factors of r?
5, 157
List the prime factors of 40/((-94)/318 - 56/(-168)).
2, 5, 53
Suppose f - 6*f = h - 191, -191 = -h + 4*f. List the prime factors of h.
191
Suppose -5*z - 2144 = -3*l, 0 = -5*l - 71*z + 75*z + 3582. What are the prime factors of l?
2, 359
Let t(w) = 37*w**2 + 3*w + 7. What are the prime factors of t(-3)?
331
Suppose 14 = -l + 3*d, l + 4*d = 5*l + 24. List the prime factors of (-1)/(2/356*l).
89
Let b(z) = -z**3 - 5*z**2 + 7*z + 9. Let q be b(-6). Suppose -q*n + 7*n - 228 = 0. What are the prime factors of n?
3, 19
Let c(v) be the first derivative of 9*v**2/2 + 5*v + 18. What are the prime factors of c(13)?
2, 61
Let s be -2*(-1)/(-5)*5 + 32. Suppose 3*y - 69 = s. What are the prime factors of y?
3, 11
Suppose z + 1 = -7*l + 6*l, 4*l + 3*z + 1 = 0. Suppose 4*s - 4 = 2*k - 52, 58 = 2*k + s. What are the prime factors of (0 + l/2)*k?
2, 7
Let k = 178 - 176. List the prime factors of k.
2
Suppose -29*n + 2292 = -27*n. List the prime factors of n.
2, 3, 191
What are the prime factors of 19/76*3688 - (1 + -1)?
2, 461
Let a = -117 + 133. Suppose -a*j + 667 = -549. List the prime factors of j.
2, 19
Let f = -690 - -1024. Let n = 514 - f. List the prime factors of n.
2, 3, 5
Suppose p - 118 = -2*w, -6*w - 139 = -p - w. Let k = p + 28. What are the prime factors of k?
2, 19
Suppose s - 4*o - 440 = 0, 4*o + 467 = 3*s - 893. List the prime factors of s.
2, 5, 23
Let q be (-2)/(-3) + (-68)/3. Let t(c) = -6*c - 5. Let o be t(-8). Let k = q + o. What are the prime factors of k?
3, 7
Let r(k) = 54*k**2 + k + 1. Let g(m) = m**3 + 9*m**2 - 10*m - 1. Let n be g(-10). What are the prime factors of r(n)?
2, 3
Let c(h) be the first derivative of -h**4/4 + 10*h**3/3 - h**2/2 - 9*h + 20. What are the prime factors of c(9)?
3, 7
Suppose -4*j + 3 = -5*j. List the prime factors of -1*(j - 28)*1.
31
Let b = -1916 + 3899. List the prime factors of b.
3, 661
Let u(o) = 2*o**3 - 9*o**2 - 19*o - 32. What are the prime factors of u(11)?
2, 3, 37
Let q(c) = -2*c + 8. Let g be q(9). Let d(i) = -i**3 + 9*i**2 - 7*i + 3. Let h(o) = o**3 - o - 1. Let b(z) = -d(z) - 2*h(z). List the prime factors of b(g).
3
Let o(d) = d**3 - 15*d**2 + 14*d - 7. Let l be o(14). Let z(a) = -a**3 - 6*a**2 - 9*a - 7. List the prime factors of z(l).
3, 5, 7
Suppose 7*n + 7*n - 2380 = 0. Let l = n - 59. List the prime factors of l.
3, 37
Suppose 10 = 2*b - 20. Suppose b = -m + 82. Suppose m = 4*o - 5. What are the prime factors of o?
2, 3
Suppose 109 = -2*k + 319. Let x = k + -71. What are the prime factors of x?
2, 17
Let y be (-8)/((-32)/(-84))*-1. List the prime factors of -3 - ((-571)/7 - 9/y).
79
Suppose -h = 2*h. Suppose -4*b + 1 = 5, h = 2*n + b - 7. Suppose -z + n*z = -5*g + 213, 4*z = 3*g - 122. What are the prime factors of g?
2, 3, 7
Let p(k) = k**3 - 7*k**2 + k + 5. Let r be p(7). Let b(v) = -2*v + 0*v + 21 + 3*v + r. What are the prime factors of b(0)?
3, 11
Let r = 694 - -47. List the prime factors of r.
3, 13, 19
What are the prime factors of 703*(4 + -4 + 1)?
19, 37
Let y(i) be the second derivative of -5*i**3/3 + 9*i**2/2 - 4*i - 27. Suppose -5*o - 10 = 5*l, 5*o - 7 = l - 29. What are the prime factors of y(o)?
7
Let j = -544 + 1174. What are the prime factors of j?
2, 3, 5, 7
Suppose 0 = -4*o - 5*c + 6264, o - 3*o + 4*c + 3132 = 0. What are the prime factors of o?
2, 3, 29
Let k(n) = -n**3 - 14*n**2 + 12*n - 17. Let m be k(-15). Suppose 5*w = w + m. What are the prime factors of w?
7
Suppose -2*f - 3*f = -20. Suppose j = f*j. Suppose -t + 0*t + 5 = j. What are the prime factors of t?
5
Let f be (-32)/(-24)*6/2. Let v be (-2)/(-4)*f + 122. Suppose 0 = 4*p - 0 - v. What are the prime factors of p?
31
Let q(h) = -3*h - 15. Let r be q(-6). Suppose r*s = -x + 23, -1 = -3*s + 2*s. List the prime factors of x.
2, 5
Suppose -3*h - 2*k = 83, 3*h = k - 39 - 41. Let s = h - -164. What are the prime factors of s?
137
Let o(b) = -b + 13. Let g be o(9). Suppose 5*v = -5*d, 3*v - g*d = -0*d. Suppose 4*w - 40 = -v*w + 2*s, 2*w = 4*s + 26. List the prime factors of w.
3
Let y(c) = -47*c - 43. Let a be y(-6). Let g = 460 - a. What are the prime factors of g?
13, 17
Let z = -775 + 1439. What are the prime factors of z?
2, 83
Let t be -3*(-4 - 1) + -1. Suppose n - 3*b - 13 = -2, 3*n = 5*b + 33. Suppose t*h - 42 = n*h. List the prime factors of h.
2, 7
Let i(t) = 7*t**2 + 7*t + 1. What are the prime factors of i(-4)?
5, 17
Let t = -19 + 13. Let j(d) = 5*d - 13. Let z(c) = 4*c - 14. Let m(k) = t*z(k) + 5*j(k). List the prime factors of m(0).
19
Suppose 0 = -4*q - 3*o + 10962, -2*q - 16*o + 13*o + 5484 = 0. What are the prime factors of q?
3, 11, 83
Let j = -8 - -15. Let w(u) = u**2 - 6*u + 6. Let z be w(j). Let n = 51 - z. List the prime factors of n.
2, 19
Suppose -3*j - 5*q + 4*q + 346 = 0, 0 = -3*j - 5*q + 338. List the prime factors of j.
2, 29
Let y be (-4)/12 + (-1)/(-3). Suppose 0 = 3*t - y*t + 291. Let c = 160 + t. What are the prime factors of c?
3, 7
Let u = 26 + -8. Suppose -2*y - 3*b - 2*b = u, -b + 44 = -3*y. Let f = y - -86. List the prime factors of f.
2, 3
Let b(z) = -5*z**2 + 5*z + 8. Let v be b(-6). Let t = 284 + v. What are the prime factors of t?
2, 41
Suppose -j + 7 = 4. Let i be ((-28)/j)/((-6)/(-18)). Let k = -24 - i. List the prime factors of k.
2
Suppose -5*p = 5*c - 20210, -12 = 18*p - 21*p. List the prime factors of c.
2, 3, 673
Suppose 4*m - 12 - 8 = 0. Let f(l) be the third derivative of l**4/3 + l**3/2 + 2*l**2. List the prime factors of f(m).
43
Suppose 75*s = 71*s + 11228. List the prime factors of s.
7, 401
Suppose 0 = -5*r - 3*j + 224 + 22139, 0 = 4*r + 5*j - 17880. What are the prime factors of r?
5, 179
What are the prime factors of (5738/10 - (-33)/165) + -7?
3, 7
Let v(o) = o**